{"id":95,"date":"2015-04-16T13:10:39","date_gmt":"2015-04-16T11:10:39","guid":{"rendered":"https:\/\/mvbreitenthal.wordpress.com\/?page_id=95"},"modified":"2025-05-12T12:42:38","modified_gmt":"2025-05-12T10:42:38","slug":"besetzung","status":"publish","type":"page","link":"https:\/\/www.musikverein-breitenthal.de\/Wordpress\/eine-seite\/besetzung\/","title":{"rendered":"Besetzung"},"content":{"rendered":"\n<figure class=\"wp-block-image size-large\"><a href=\"https:\/\/www.musikverein-breitenthal.de\/Wordpress\/wp-content\/uploads\/2022\/07\/Gesamtbild_ohneJacke.jpg\"><img loading=\"lazy\" decoding=\"async\" width=\"1024\" height=\"683\" src=\"https:\/\/www.musikverein-breitenthal.de\/Wordpress\/wp-content\/uploads\/2022\/07\/Gesamtbild_ohneJacke-1024x683.jpg\" alt=\"\" class=\"wp-image-1483\" srcset=\"https:\/\/www.musikverein-breitenthal.de\/Wordpress\/wp-content\/uploads\/2022\/07\/Gesamtbild_ohneJacke-1024x683.jpg 1024w, https:\/\/www.musikverein-breitenthal.de\/Wordpress\/wp-content\/uploads\/2022\/07\/Gesamtbild_ohneJacke-300x200.jpg 300w, https:\/\/www.musikverein-breitenthal.de\/Wordpress\/wp-content\/uploads\/2022\/07\/Gesamtbild_ohneJacke-768x512.jpg 768w, https:\/\/www.musikverein-breitenthal.de\/Wordpress\/wp-content\/uploads\/2022\/07\/Gesamtbild_ohneJacke-620x413.jpg 620w, https:\/\/www.musikverein-breitenthal.de\/Wordpress\/wp-content\/uploads\/2022\/07\/Gesamtbild_ohneJacke.jpg 1200w\" sizes=\"auto, (max-width: 1024px) 100vw, 1024px\" \/><\/a><figcaption> <br> <\/figcaption><\/figure>\n\n\n\n<p><strong>Hohes Blech<\/strong><\/p>\n\n\n\n<figure class=\"wp-block-image size-large\"><a href=\"https:\/\/www.musikverein-breitenthal.de\/Wordpress\/wp-content\/uploads\/2022\/07\/HohesBlech.jpg\"><img loading=\"lazy\" decoding=\"async\" width=\"1024\" height=\"683\" src=\"https:\/\/www.musikverein-breitenthal.de\/Wordpress\/wp-content\/uploads\/2022\/07\/HohesBlech-1024x683.jpg\" alt=\"\" class=\"wp-image-1482\" srcset=\"https:\/\/www.musikverein-breitenthal.de\/Wordpress\/wp-content\/uploads\/2022\/07\/HohesBlech-1024x683.jpg 1024w, https:\/\/www.musikverein-breitenthal.de\/Wordpress\/wp-content\/uploads\/2022\/07\/HohesBlech-300x200.jpg 300w, https:\/\/www.musikverein-breitenthal.de\/Wordpress\/wp-content\/uploads\/2022\/07\/HohesBlech-768x512.jpg 768w, https:\/\/www.musikverein-breitenthal.de\/Wordpress\/wp-content\/uploads\/2022\/07\/HohesBlech-620x413.jpg 620w, https:\/\/www.musikverein-breitenthal.de\/Wordpress\/wp-content\/uploads\/2022\/07\/HohesBlech.jpg 1200w\" sizes=\"auto, (max-width: 1024px) 100vw, 1024px\" \/><\/a><figcaption>Andreas K\u00f6ssinger, Michael Merk, Fritz Zeller, Klaus Vogel, Siegfried Kolb, Georg Lecheler, Reinhard Stegmann, <br>Katharina F\u00f6hr, Christina F\u00f6hr, Luca Huber<br>Es fehlt: Lukas Andraschko<\/figcaption><\/figure>\n\n\n\n<p><br><strong>Klarinetten und Fagott<\/strong><\/p>\n\n\n\n<figure class=\"wp-block-image size-large\"><a href=\"https:\/\/www.musikverein-breitenthal.de\/Wordpress\/wp-content\/uploads\/2022\/07\/Klarinetten_Fagptt.jpg\"><img loading=\"lazy\" decoding=\"async\" width=\"1024\" height=\"683\" src=\"https:\/\/www.musikverein-breitenthal.de\/Wordpress\/wp-content\/uploads\/2022\/07\/Klarinetten_Fagptt-1024x683.jpg\" alt=\"\" class=\"wp-image-1480\" srcset=\"https:\/\/www.musikverein-breitenthal.de\/Wordpress\/wp-content\/uploads\/2022\/07\/Klarinetten_Fagptt-1024x683.jpg 1024w, https:\/\/www.musikverein-breitenthal.de\/Wordpress\/wp-content\/uploads\/2022\/07\/Klarinetten_Fagptt-300x200.jpg 300w, https:\/\/www.musikverein-breitenthal.de\/Wordpress\/wp-content\/uploads\/2022\/07\/Klarinetten_Fagptt-768x512.jpg 768w, https:\/\/www.musikverein-breitenthal.de\/Wordpress\/wp-content\/uploads\/2022\/07\/Klarinetten_Fagptt-620x413.jpg 620w, https:\/\/www.musikverein-breitenthal.de\/Wordpress\/wp-content\/uploads\/2022\/07\/Klarinetten_Fagptt.jpg 1200w\" sizes=\"auto, (max-width: 1024px) 100vw, 1024px\" \/><\/a><figcaption>Nicole Reisch, Simone Keller, Markus Reisch, Christina Zeller, Monika Lehner,<br>Lisa Riedl, Birgit Lecheler, Nicole Vogel, Melanie Lehner, Lisa Doll, Anna Lecheler<\/figcaption><\/figure>\n\n\n\n<p><strong>Saxofone<\/strong><\/p>\n\n\n\n<figure class=\"wp-block-image size-large\"><a href=\"https:\/\/www.musikverein-breitenthal.de\/Wordpress\/wp-content\/uploads\/2022\/07\/Saxofon.jpg\"><img loading=\"lazy\" decoding=\"async\" width=\"1024\" height=\"683\" src=\"https:\/\/www.musikverein-breitenthal.de\/Wordpress\/wp-content\/uploads\/2022\/07\/Saxofon-1024x683.jpg\" alt=\"\" class=\"wp-image-1478\" srcset=\"https:\/\/www.musikverein-breitenthal.de\/Wordpress\/wp-content\/uploads\/2022\/07\/Saxofon-1024x683.jpg 1024w, https:\/\/www.musikverein-breitenthal.de\/Wordpress\/wp-content\/uploads\/2022\/07\/Saxofon-300x200.jpg 300w, https:\/\/www.musikverein-breitenthal.de\/Wordpress\/wp-content\/uploads\/2022\/07\/Saxofon-768x512.jpg 768w, https:\/\/www.musikverein-breitenthal.de\/Wordpress\/wp-content\/uploads\/2022\/07\/Saxofon-620x413.jpg 620w, https:\/\/www.musikverein-breitenthal.de\/Wordpress\/wp-content\/uploads\/2022\/07\/Saxofon.jpg 1200w\" sizes=\"auto, (max-width: 1024px) 100vw, 1024px\" \/><\/a><figcaption>Karin Althoff, Martina Lehner, Melanie Deschelmayer,<br>Theresa Kober, Johanna F\u00f6hr<br>Es fehlt: Melanie Hundegger<\/figcaption><\/figure>\n\n\n\n<p><strong>Schlagwerk<\/strong><\/p>\n\n\n\n<figure class=\"wp-block-image size-large\"><a href=\"https:\/\/www.musikverein-breitenthal.de\/Wordpress\/wp-content\/uploads\/2022\/07\/Schlagzeug.jpg\"><img loading=\"lazy\" decoding=\"async\" width=\"1024\" height=\"683\" src=\"https:\/\/www.musikverein-breitenthal.de\/Wordpress\/wp-content\/uploads\/2022\/07\/Schlagzeug-1024x683.jpg\" alt=\"\" class=\"wp-image-1477\" srcset=\"https:\/\/www.musikverein-breitenthal.de\/Wordpress\/wp-content\/uploads\/2022\/07\/Schlagzeug-1024x683.jpg 1024w, https:\/\/www.musikverein-breitenthal.de\/Wordpress\/wp-content\/uploads\/2022\/07\/Schlagzeug-300x200.jpg 300w, https:\/\/www.musikverein-breitenthal.de\/Wordpress\/wp-content\/uploads\/2022\/07\/Schlagzeug-768x512.jpg 768w, https:\/\/www.musikverein-breitenthal.de\/Wordpress\/wp-content\/uploads\/2022\/07\/Schlagzeug-620x413.jpg 620w, https:\/\/www.musikverein-breitenthal.de\/Wordpress\/wp-content\/uploads\/2022\/07\/Schlagzeug.jpg 1200w\" sizes=\"auto, (max-width: 1024px) 100vw, 1024px\" \/><\/a><figcaption>Reinhard Kaiser,<br>Matthias Altstetter, Paul Jenuwein, Fabian Harder<br>Es fehlt: Johanna H\u00e4u\u00dfler<\/figcaption><\/figure>\n\n\n\n<p><strong>H\u00f6rner<\/strong><\/p>\n\n\n\n<figure class=\"wp-block-image size-large\"><a href=\"https:\/\/www.musikverein-breitenthal.de\/Wordpress\/wp-content\/uploads\/2022\/07\/Horn.jpg\"><img loading=\"lazy\" decoding=\"async\" width=\"1024\" height=\"683\" src=\"https:\/\/www.musikverein-breitenthal.de\/Wordpress\/wp-content\/uploads\/2022\/07\/Horn-1024x683.jpg\" alt=\"\" class=\"wp-image-1481\" srcset=\"https:\/\/www.musikverein-breitenthal.de\/Wordpress\/wp-content\/uploads\/2022\/07\/Horn-1024x683.jpg 1024w, https:\/\/www.musikverein-breitenthal.de\/Wordpress\/wp-content\/uploads\/2022\/07\/Horn-300x200.jpg 300w, https:\/\/www.musikverein-breitenthal.de\/Wordpress\/wp-content\/uploads\/2022\/07\/Horn-768x512.jpg 768w, https:\/\/www.musikverein-breitenthal.de\/Wordpress\/wp-content\/uploads\/2022\/07\/Horn-620x413.jpg 620w, https:\/\/www.musikverein-breitenthal.de\/Wordpress\/wp-content\/uploads\/2022\/07\/Horn.jpg 1200w\" sizes=\"auto, (max-width: 1024px) 100vw, 1024px\" \/><\/a><figcaption>Michael Kerler, Ian Reib, Manfred Kober,<br>Tamara Jehle, Katharina Kober<br>Es fehlt: Laura H\u00e4u\u00dfler<\/figcaption><\/figure>\n\n\n\n<p><strong>Fl\u00f6ten<\/strong><\/p>\n\n\n\n<figure class=\"wp-block-image size-large\"><a href=\"https:\/\/www.musikverein-breitenthal.de\/Wordpress\/wp-content\/uploads\/2022\/07\/Floeten.jpg\"><img loading=\"lazy\" decoding=\"async\" width=\"1024\" height=\"683\" src=\"https:\/\/www.musikverein-breitenthal.de\/Wordpress\/wp-content\/uploads\/2022\/07\/Floeten-1024x683.jpg\" alt=\"\" class=\"wp-image-1486\" srcset=\"https:\/\/www.musikverein-breitenthal.de\/Wordpress\/wp-content\/uploads\/2022\/07\/Floeten-1024x683.jpg 1024w, https:\/\/www.musikverein-breitenthal.de\/Wordpress\/wp-content\/uploads\/2022\/07\/Floeten-300x200.jpg 300w, https:\/\/www.musikverein-breitenthal.de\/Wordpress\/wp-content\/uploads\/2022\/07\/Floeten-768x512.jpg 768w, https:\/\/www.musikverein-breitenthal.de\/Wordpress\/wp-content\/uploads\/2022\/07\/Floeten-620x413.jpg 620w, https:\/\/www.musikverein-breitenthal.de\/Wordpress\/wp-content\/uploads\/2022\/07\/Floeten.jpg 1200w\" sizes=\"auto, (max-width: 1024px) 100vw, 1024px\" \/><\/a><figcaption>Janina F\u00f6hr, Birgit Dietrich, Anna Dietrich<br>Es fehlen: Brigitte H\u00e4u\u00dfler, Lisa Kaiser, Regina Jenuwein, Oboe: Moritz Mayl\u00e4nder<\/figcaption><\/figure>\n\n\n\n<p><strong>Posaune und Tuba<\/strong><\/p>\n\n\n\n<figure class=\"wp-block-image size-large\"><a href=\"https:\/\/www.musikverein-breitenthal.de\/Wordpress\/wp-content\/uploads\/2022\/07\/Tuba_Posaune.jpg\"><img loading=\"lazy\" decoding=\"async\" width=\"1024\" height=\"683\" src=\"https:\/\/www.musikverein-breitenthal.de\/Wordpress\/wp-content\/uploads\/2022\/07\/Tuba_Posaune-1024x683.jpg\" alt=\"\" class=\"wp-image-1488\" srcset=\"https:\/\/www.musikverein-breitenthal.de\/Wordpress\/wp-content\/uploads\/2022\/07\/Tuba_Posaune-1024x683.jpg 1024w, https:\/\/www.musikverein-breitenthal.de\/Wordpress\/wp-content\/uploads\/2022\/07\/Tuba_Posaune-300x200.jpg 300w, https:\/\/www.musikverein-breitenthal.de\/Wordpress\/wp-content\/uploads\/2022\/07\/Tuba_Posaune-768x512.jpg 768w, https:\/\/www.musikverein-breitenthal.de\/Wordpress\/wp-content\/uploads\/2022\/07\/Tuba_Posaune-620x413.jpg 620w, https:\/\/www.musikverein-breitenthal.de\/Wordpress\/wp-content\/uploads\/2022\/07\/Tuba_Posaune.jpg 1200w\" sizes=\"auto, (max-width: 1024px) 100vw, 1024px\" \/><\/a><figcaption>David Schulthei\u00df, Jonas Lecheler, Tobias Dietrich, Hermann Fechner, Heidi Krones<br>Es fehlen: Martin Fendt, Tobias H\u00e4u\u00dfler<\/figcaption><\/figure>\n\n\n\n<p><strong>Tenorhorn\/Bariton<\/strong><\/p>\n\n\n\n<figure class=\"wp-block-image size-large\"><a href=\"https:\/\/www.musikverein-breitenthal.de\/Wordpress\/wp-content\/uploads\/2022\/07\/Tenorhorn.jpg\"><img loading=\"lazy\" decoding=\"async\" width=\"1024\" height=\"683\" src=\"https:\/\/www.musikverein-breitenthal.de\/Wordpress\/wp-content\/uploads\/2022\/07\/Tenorhorn-1024x683.jpg\" alt=\"\" class=\"wp-image-1489\" srcset=\"https:\/\/www.musikverein-breitenthal.de\/Wordpress\/wp-content\/uploads\/2022\/07\/Tenorhorn-1024x683.jpg 1024w, https:\/\/www.musikverein-breitenthal.de\/Wordpress\/wp-content\/uploads\/2022\/07\/Tenorhorn-300x200.jpg 300w, https:\/\/www.musikverein-breitenthal.de\/Wordpress\/wp-content\/uploads\/2022\/07\/Tenorhorn-768x512.jpg 768w, https:\/\/www.musikverein-breitenthal.de\/Wordpress\/wp-content\/uploads\/2022\/07\/Tenorhorn-620x413.jpg 620w, https:\/\/www.musikverein-breitenthal.de\/Wordpress\/wp-content\/uploads\/2022\/07\/Tenorhorn.jpg 1200w\" sizes=\"auto, (max-width: 1024px) 100vw, 1024px\" \/><\/a><figcaption>Konstantin Brandner, Manfred Miller, Georg Dietrich<br>Es fehlt: Emma Weindl, Uli Jenuwein<\/figcaption><\/figure>\n\n\n\n<p><\/p>\n","protected":false},"excerpt":{"rendered":"<p>Hohes Blech Klarinetten und Fagott Saxofone Schlagwerk H\u00f6rner Fl\u00f6ten Posaune und Tuba Tenorhorn\/Bariton<\/p>\n","protected":false},"author":2,"featured_media":0,"parent":5,"menu_order":15,"comment_status":"open","ping_status":"closed","template":"","meta":{"footnotes":""},"class_list":["post-95","page","type-page","status-publish","hentry"],"_links":{"self":[{"href":"https:\/\/www.musikverein-breitenthal.de\/Wordpress\/wp-json\/wp\/v2\/pages\/95","targetHints":{"allow":["GET"]}}],"collection":[{"href":"https:\/\/www.musikverein-breitenthal.de\/Wordpress\/wp-json\/wp\/v2\/pages"}],"about":[{"href":"https:\/\/www.musikverein-breitenthal.de\/Wordpress\/wp-json\/wp\/v2\/types\/page"}],"author":[{"embeddable":true,"href":"https:\/\/www.musikverein-breitenthal.de\/Wordpress\/wp-json\/wp\/v2\/users\/2"}],"replies":[{"embeddable":true,"href":"https:\/\/www.musikverein-breitenthal.de\/Wordpress\/wp-json\/wp\/v2\/comments?post=95"}],"version-history":[{"count":7,"href":"https:\/\/www.musikverein-breitenthal.de\/Wordpress\/wp-json\/wp\/v2\/pages\/95\/revisions"}],"predecessor-version":[{"id":1890,"href":"https:\/\/www.musikverein-breitenthal.de\/Wordpress\/wp-json\/wp\/v2\/pages\/95\/revisions\/1890"}],"up":[{"embeddable":true,"href":"https:\/\/www.musikverein-breitenthal.de\/Wordpress\/wp-json\/wp\/v2\/pages\/5"}],"wp:attachment":[{"href":"https:\/\/www.musikverein-breitenthal.de\/Wordpress\/wp-json\/wp\/v2\/media?parent=95"}],"curies":[{"name":"wp","href":"https:\/\/api.w.org\/{rel}","templated":true}]}}

<figure class="wp-block-image size-large"><a href="https://www.musikverein-breitenthal.de/Wordpress/wp-content/uploads/2022/07/Gesamtbild_ohneJacke.jpg"><img loading="lazy" decoding="async" width="1024" height="683" src="https://www.musikverein-breitenthal.de/Wordpress/wp-content/uploads/2022/07/Gesamtbild_ohneJacke-1024x683.jpg" alt="" class="wp-image-1483" srcset="https://www.musikverein-breitenthal.de/Wordpress/wp-content/uploads/2022/07/Gesamtbild_ohneJacke-1024x683.jpg 1024w, https://www.musikverein-breitenthal.de/Wordpress/wp-content/uploads/2022/07/Gesamtbild_ohneJacke-300x200.jpg 300w, https://www.musikverein-breitenthal.de/Wordpress/wp-content/uploads/2022/07/Gesamtbild_ohneJacke-768x512.jpg 768w, https://www.musikverein-breitenthal.de/Wordpress/wp-content/uploads/2022/07/Gesamtbild_ohneJacke-620x413.jpg 620w, https://www.musikverein-breitenthal.de/Wordpress/wp-content/uploads/2022/07/Gesamtbild_ohneJacke.jpg 1200w" sizes="auto, (max-width: 1024px) 100vw, 1024px" /></a><figcaption> <br> </figcaption></figure>



<p><strong>Hohes Blech</strong></p>



<figure class="wp-block-image size-large"><a href="https://www.musikverein-breitenthal.de/Wordpress/wp-content/uploads/2022/07/HohesBlech.jpg"><img loading="lazy" decoding="async" width="1024" height="683" src="https://www.musikverein-breitenthal.de/Wordpress/wp-content/uploads/2022/07/HohesBlech-1024x683.jpg" alt="" class="wp-image-1482" srcset="https://www.musikverein-breitenthal.de/Wordpress/wp-content/uploads/2022/07/HohesBlech-1024x683.jpg 1024w, https://www.musikverein-breitenthal.de/Wordpress/wp-content/uploads/2022/07/HohesBlech-300x200.jpg 300w, https://www.musikverein-breitenthal.de/Wordpress/wp-content/uploads/2022/07/HohesBlech-768x512.jpg 768w, https://www.musikverein-breitenthal.de/Wordpress/wp-content/uploads/2022/07/HohesBlech-620x413.jpg 620w, https://www.musikverein-breitenthal.de/Wordpress/wp-content/uploads/2022/07/HohesBlech.jpg 1200w" sizes="auto, (max-width: 1024px) 100vw, 1024px" /></a><figcaption>Andreas Kössinger, Michael Merk, Fritz Zeller, Klaus Vogel, Siegfried Kolb, Georg Lecheler, Reinhard Stegmann, <br>Katharina Föhr, Christina Föhr, Luca Huber<br>Es fehlt: Lukas Andraschko</figcaption></figure>



<p><br><strong>Klarinetten und Fagott</strong></p>



<figure class="wp-block-image size-large"><a href="https://www.musikverein-breitenthal.de/Wordpress/wp-content/uploads/2022/07/Klarinetten_Fagptt.jpg"><img loading="lazy" decoding="async" width="1024" height="683" src="https://www.musikverein-breitenthal.de/Wordpress/wp-content/uploads/2022/07/Klarinetten_Fagptt-1024x683.jpg" alt="" class="wp-image-1480" srcset="https://www.musikverein-breitenthal.de/Wordpress/wp-content/uploads/2022/07/Klarinetten_Fagptt-1024x683.jpg 1024w, https://www.musikverein-breitenthal.de/Wordpress/wp-content/uploads/2022/07/Klarinetten_Fagptt-300x200.jpg 300w, https://www.musikverein-breitenthal.de/Wordpress/wp-content/uploads/2022/07/Klarinetten_Fagptt-768x512.jpg 768w, https://www.musikverein-breitenthal.de/Wordpress/wp-content/uploads/2022/07/Klarinetten_Fagptt-620x413.jpg 620w, https://www.musikverein-breitenthal.de/Wordpress/wp-content/uploads/2022/07/Klarinetten_Fagptt.jpg 1200w" sizes="auto, (max-width: 1024px) 100vw, 1024px" /></a><figcaption>Nicole Reisch, Simone Keller, Markus Reisch, Christina Zeller, Monika Lehner,<br>Lisa Riedl, Birgit Lecheler, Nicole Vogel, Melanie Lehner, Lisa Doll, Anna Lecheler</figcaption></figure>



<p><strong>Saxofone</strong></p>



<figure class="wp-block-image size-large"><a href="https://www.musikverein-breitenthal.de/Wordpress/wp-content/uploads/2022/07/Saxofon.jpg"><img loading="lazy" decoding="async" width="1024" height="683" src="https://www.musikverein-breitenthal.de/Wordpress/wp-content/uploads/2022/07/Saxofon-1024x683.jpg" alt="" class="wp-image-1478" srcset="https://www.musikverein-breitenthal.de/Wordpress/wp-content/uploads/2022/07/Saxofon-1024x683.jpg 1024w, https://www.musikverein-breitenthal.de/Wordpress/wp-content/uploads/2022/07/Saxofon-300x200.jpg 300w, https://www.musikverein-breitenthal.de/Wordpress/wp-content/uploads/2022/07/Saxofon-768x512.jpg 768w, https://www.musikverein-breitenthal.de/Wordpress/wp-content/uploads/2022/07/Saxofon-620x413.jpg 620w, https://www.musikverein-breitenthal.de/Wordpress/wp-content/uploads/2022/07/Saxofon.jpg 1200w" sizes="auto, (max-width: 1024px) 100vw, 1024px" /></a><figcaption>Karin Althoff, Martina Lehner, Melanie Deschelmayer,<br>Theresa Kober, Johanna Föhr<br>Es fehlt: Melanie Hundegger</figcaption></figure>



<p><strong>Schlagwerk</strong></p>



<figure class="wp-block-image size-large"><a href="https://www.musikverein-breitenthal.de/Wordpress/wp-content/uploads/2022/07/Schlagzeug.jpg"><img loading="lazy" decoding="async" width="1024" height="683" src="https://www.musikverein-breitenthal.de/Wordpress/wp-content/uploads/2022/07/Schlagzeug-1024x683.jpg" alt="" class="wp-image-1477" srcset="https://www.musikverein-breitenthal.de/Wordpress/wp-content/uploads/2022/07/Schlagzeug-1024x683.jpg 1024w, https://www.musikverein-breitenthal.de/Wordpress/wp-content/uploads/2022/07/Schlagzeug-300x200.jpg 300w, https://www.musikverein-breitenthal.de/Wordpress/wp-content/uploads/2022/07/Schlagzeug-768x512.jpg 768w, https://www.musikverein-breitenthal.de/Wordpress/wp-content/uploads/2022/07/Schlagzeug-620x413.jpg 620w, https://www.musikverein-breitenthal.de/Wordpress/wp-content/uploads/2022/07/Schlagzeug.jpg 1200w" sizes="auto, (max-width: 1024px) 100vw, 1024px" /></a><figcaption>Reinhard Kaiser,<br>Matthias Altstetter, Paul Jenuwein, Fabian Harder<br>Es fehlt: Johanna Häußler</figcaption></figure>



<p><strong>Hörner</strong></p>



<figure class="wp-block-image size-large"><a href="https://www.musikverein-breitenthal.de/Wordpress/wp-content/uploads/2022/07/Horn.jpg"><img loading="lazy" decoding="async" width="1024" height="683" src="https://www.musikverein-breitenthal.de/Wordpress/wp-content/uploads/2022/07/Horn-1024x683.jpg" alt="" class="wp-image-1481" srcset="https://www.musikverein-breitenthal.de/Wordpress/wp-content/uploads/2022/07/Horn-1024x683.jpg 1024w, https://www.musikverein-breitenthal.de/Wordpress/wp-content/uploads/2022/07/Horn-300x200.jpg 300w, https://www.musikverein-breitenthal.de/Wordpress/wp-content/uploads/2022/07/Horn-768x512.jpg 768w, https://www.musikverein-breitenthal.de/Wordpress/wp-content/uploads/2022/07/Horn-620x413.jpg 620w, https://www.musikverein-breitenthal.de/Wordpress/wp-content/uploads/2022/07/Horn.jpg 1200w" sizes="auto, (max-width: 1024px) 100vw, 1024px" /></a><figcaption>Michael Kerler, Ian Reib, Manfred Kober,<br>Tamara Jehle, Katharina Kober<br>Es fehlt: Laura Häußler</figcaption></figure>



<p><strong>Flöten</strong></p>



<figure class="wp-block-image size-large"><a href="https://www.musikverein-breitenthal.de/Wordpress/wp-content/uploads/2022/07/Floeten.jpg"><img loading="lazy" decoding="async" width="1024" height="683" src="https://www.musikverein-breitenthal.de/Wordpress/wp-content/uploads/2022/07/Floeten-1024x683.jpg" alt="" class="wp-image-1486" srcset="https://www.musikverein-breitenthal.de/Wordpress/wp-content/uploads/2022/07/Floeten-1024x683.jpg 1024w, https://www.musikverein-breitenthal.de/Wordpress/wp-content/uploads/2022/07/Floeten-300x200.jpg 300w, https://www.musikverein-breitenthal.de/Wordpress/wp-content/uploads/2022/07/Floeten-768x512.jpg 768w, https://www.musikverein-breitenthal.de/Wordpress/wp-content/uploads/2022/07/Floeten-620x413.jpg 620w, https://www.musikverein-breitenthal.de/Wordpress/wp-content/uploads/2022/07/Floeten.jpg 1200w" sizes="auto, (max-width: 1024px) 100vw, 1024px" /></a><figcaption>Janina Föhr, Birgit Dietrich, Anna Dietrich<br>Es fehlen: Brigitte Häußler, Lisa Kaiser, Regina Jenuwein, Oboe: Moritz Mayländer</figcaption></figure>



<p><strong>Posaune und Tuba</strong></p>



<figure class="wp-block-image size-large"><a href="https://www.musikverein-breitenthal.de/Wordpress/wp-content/uploads/2022/07/Tuba_Posaune.jpg"><img loading="lazy" decoding="async" width="1024" height="683" src="https://www.musikverein-breitenthal.de/Wordpress/wp-content/uploads/2022/07/Tuba_Posaune-1024x683.jpg" alt="" class="wp-image-1488" srcset="https://www.musikverein-breitenthal.de/Wordpress/wp-content/uploads/2022/07/Tuba_Posaune-1024x683.jpg 1024w, https://www.musikverein-breitenthal.de/Wordpress/wp-content/uploads/2022/07/Tuba_Posaune-300x200.jpg 300w, https://www.musikverein-breitenthal.de/Wordpress/wp-content/uploads/2022/07/Tuba_Posaune-768x512.jpg 768w, https://www.musikverein-breitenthal.de/Wordpress/wp-content/uploads/2022/07/Tuba_Posaune-620x413.jpg 620w, https://www.musikverein-breitenthal.de/Wordpress/wp-content/uploads/2022/07/Tuba_Posaune.jpg 1200w" sizes="auto, (max-width: 1024px) 100vw, 1024px" /></a><figcaption>David Schultheiß, Jonas Lecheler, Tobias Dietrich, Hermann Fechner, Heidi Krones<br>Es fehlen: Martin Fendt, Tobias Häußler</figcaption></figure>



<p><strong>Tenorhorn/Bariton</strong></p>



<figure class="wp-block-image size-large"><a href="https://www.musikverein-breitenthal.de/Wordpress/wp-content/uploads/2022/07/Tenorhorn.jpg"><img loading="lazy" decoding="async" width="1024" height="683" src="https://www.musikverein-breitenthal.de/Wordpress/wp-content/uploads/2022/07/Tenorhorn-1024x683.jpg" alt="" class="wp-image-1489" srcset="https://www.musikverein-breitenthal.de/Wordpress/wp-content/uploads/2022/07/Tenorhorn-1024x683.jpg 1024w, https://www.musikverein-breitenthal.de/Wordpress/wp-content/uploads/2022/07/Tenorhorn-300x200.jpg 300w, https://www.musikverein-breitenthal.de/Wordpress/wp-content/uploads/2022/07/Tenorhorn-768x512.jpg 768w, https://www.musikverein-breitenthal.de/Wordpress/wp-content/uploads/2022/07/Tenorhorn-620x413.jpg 620w, https://www.musikverein-breitenthal.de/Wordpress/wp-content/uploads/2022/07/Tenorhorn.jpg 1200w" sizes="auto, (max-width: 1024px) 100vw, 1024px" /></a><figcaption>Konstantin Brandner, Manfred Miller, Georg Dietrich<br>Es fehlt: Emma Weindl, Uli Jenuwein</figcaption></figure>



<p></p>

<p>Hohes Blech Klarinetten und Fagott Saxofone Schlagwerk Hörner Flöten Posaune und Tuba Tenorhorn/Bariton</p>
