{"id":7,"date":"2015-04-12T12:56:39","date_gmt":"2015-04-12T10:56:39","guid":{"rendered":"https:\/\/mvbreitenthal.wordpress.com\/?page_id=5"},"modified":"2026-04-20T10:02:50","modified_gmt":"2026-04-20T08:02:50","slug":"dirigent","status":"publish","type":"page","link":"https:\/\/www.musikverein-breitenthal.de\/Wordpress\/dirigent\/","title":{"rendered":"Dirigentin"},"content":{"rendered":"\n<p><strong>Marina <strong>Holzhey<\/strong><\/strong><\/p>\n\n\n\n<div class=\"wp-block-image\"><figure class=\"alignright size-large is-resized\"><a href=\"https:\/\/www.musikverein-breitenthal.de\/Wordpress\/wp-content\/uploads\/2022\/07\/Marina.jpg\"><img loading=\"lazy\" decoding=\"async\" src=\"https:\/\/www.musikverein-breitenthal.de\/Wordpress\/wp-content\/uploads\/2022\/07\/Marina-683x1024.jpg\" alt=\"\" class=\"wp-image-1479\" width=\"342\" height=\"512\" srcset=\"https:\/\/www.musikverein-breitenthal.de\/Wordpress\/wp-content\/uploads\/2022\/07\/Marina-683x1024.jpg 683w, https:\/\/www.musikverein-breitenthal.de\/Wordpress\/wp-content\/uploads\/2022\/07\/Marina-200x300.jpg 200w, https:\/\/www.musikverein-breitenthal.de\/Wordpress\/wp-content\/uploads\/2022\/07\/Marina-768x1152.jpg 768w, https:\/\/www.musikverein-breitenthal.de\/Wordpress\/wp-content\/uploads\/2022\/07\/Marina-620x930.jpg 620w, https:\/\/www.musikverein-breitenthal.de\/Wordpress\/wp-content\/uploads\/2022\/07\/Marina.jpg 800w\" sizes=\"auto, (max-width: 342px) 100vw, 342px\" \/><\/a><\/figure><\/div>\n\n\n\n<p>Seit September 2021 ist Marina Holzhey (*1994) Dirigentin beim Musikverein Breitenthal e.V.<\/p>\n\n\n\n<p>2011 startete Marina Holzhey ihre musikalische Laufbahn an der Berufsfachschule f\u00fcr Musik in Krumbach und absolvierte dort die staatliche Abschlusspr\u00fcfung im Jahr 2013.<\/p>\n\n\n\n<p>Daraufhin begann sie 2013 das Studium \u201aBachelor of Music\u2018 mit dem Hauptfach Blasorchesterleitung am Leopold-Mozart-Zentrum der Universit\u00e4t Augsburg bei Prof. Maurice Hamers, welches sie 2018 mit ausgezeichnetem Erfolg abschloss. Parallel studierte sie ebenfalls als \u201aBachelor of Music\u2018 das Hauptfach Trompete bei Thomas Seitz und schloss dies 2019 erfolgreich ab.<\/p>\n\n\n\n<p>Neben der Leitung unseres Vereins dirigiert Marina Holzhey seit 2018 das Nachwuchsorchester und die Jugendkapelle des Musikvereins Krumbach e.V., sowie seit 2026 die Musikkapelle Mattsies. Von 2012 bis 2023 leitete sie die Musikkapelle Oberrieden, von 2018 bis 2021 war sie Dirigentin der Musikvereinigung Thannhausen e.V.<\/p>\n\n\n\n<p>Gastdirigate f\u00fchrten sie zu namhaften Orchestern, wie z.B. dem Musikkorps der Bundeswehr Siegburg, dem Fanfareorchester de Hoop (Niederlande), der Bl\u00e4serphilharmonie Thum, der Rheinischen Bl\u00e4serphilharmonie, der Brass Band 3BA, Brass Band Woodshokers und vielen mehr.<\/p>\n\n\n\n<p>Neben ihrer T\u00e4tigkeit als Dirigentin ist Marina Holzhey als Instrumentalp\u00e4dagogin und Musikschulleiterin an der Musikschule Unterallg\u00e4u Mitte e.V. aktiv. Ebenso ist sie seit 2023 Wertungsrichterin des Allg\u00e4u Schw\u00e4bischen Musikbundes, sowie vielf\u00e4ltig als Dozentin bei verschiedenen Vereinen&nbsp;zu&nbsp;Gast.<\/p>\n","protected":false},"excerpt":{"rendered":"<p>Marina Holzhey Seit September 2021 ist Marina Holzhey (*1994) Dirigentin beim Musikverein Breitenthal e.V. 2011 startete Marina Holzhey ihre musikalische Laufbahn an der Berufsfachschule f\u00fcr Musik in Krumbach und absolvierte dort die staatliche Abschlusspr\u00fcfung im Jahr 2013. Daraufhin begann sie 2013 das Studium \u201aBachelor of Music\u2018 mit dem Hauptfach Blasorchesterleitung am Leopold-Mozart-Zentrum der Universit\u00e4t Augsburg [&hellip;]<\/p>\n","protected":false},"author":2,"featured_media":0,"parent":0,"menu_order":20,"comment_status":"closed","ping_status":"closed","template":"","meta":{"footnotes":""},"class_list":["post-7","page","type-page","status-publish","hentry"],"_links":{"self":[{"href":"https:\/\/www.musikverein-breitenthal.de\/Wordpress\/wp-json\/wp\/v2\/pages\/7","targetHints":{"allow":["GET"]}}],"collection":[{"href":"https:\/\/www.musikverein-breitenthal.de\/Wordpress\/wp-json\/wp\/v2\/pages"}],"about":[{"href":"https:\/\/www.musikverein-breitenthal.de\/Wordpress\/wp-json\/wp\/v2\/types\/page"}],"author":[{"embeddable":true,"href":"https:\/\/www.musikverein-breitenthal.de\/Wordpress\/wp-json\/wp\/v2\/users\/2"}],"replies":[{"embeddable":true,"href":"https:\/\/www.musikverein-breitenthal.de\/Wordpress\/wp-json\/wp\/v2\/comments?post=7"}],"version-history":[{"count":51,"href":"https:\/\/www.musikverein-breitenthal.de\/Wordpress\/wp-json\/wp\/v2\/pages\/7\/revisions"}],"predecessor-version":[{"id":2012,"href":"https:\/\/www.musikverein-breitenthal.de\/Wordpress\/wp-json\/wp\/v2\/pages\/7\/revisions\/2012"}],"wp:attachment":[{"href":"https:\/\/www.musikverein-breitenthal.de\/Wordpress\/wp-json\/wp\/v2\/media?parent=7"}],"curies":[{"name":"wp","href":"https:\/\/api.w.org\/{rel}","templated":true}]}}