{"id":23,"date":"2015-04-12T13:26:33","date_gmt":"2015-04-12T11:26:33","guid":{"rendered":"https:\/\/mvbreitenthal.wordpress.com\/?page_id=23"},"modified":"2025-09-04T15:50:52","modified_gmt":"2025-09-04T13:50:52","slug":"ausbildung","status":"publish","type":"page","link":"https:\/\/www.musikverein-breitenthal.de\/Wordpress\/jugend\/ausbildung\/","title":{"rendered":"Ausbildung"},"content":{"rendered":"<p align=\"justify\">Besondere Beachtung bei unserer Jugendausbildung wird auf die Auswahl der Dozenten gelegt. Denn nicht nur das instrumentale K\u00f6nnen der jeweiligen Lehrer sondern auch das p\u00e4dagogische Feingef\u00fchl f\u00fcr den Umgang mit unseren Nachwuchsmusikern sind ein Kriterium bei der Auswahl und ein ganz wichtiger Leitspruch des Musikvereins.<br \/>\nSo bietet der Musikverein Breitenthal den Auszubildenden Unterricht bei Musikstudenten und Diplommusiklehrern an.<\/p>\n<p align=\"justify\">Die Ausbildung der Blechblasinstrumente findet in der Musikschule Kolb in Krumbach statt. Der Unterricht f\u00fcr die Holzblasinstrumente und das Schlagzeug\/Percussion findet in unserem Proberaum im Vereinsheim Breitenthal statt.<\/p>\n<p align=\"justify\">Derzeit sind unsere Lehrer:<\/p>\n<p align=\"justify\">Fl\u00f6ten: Heike Andraschko-Wieser<\/p>\n<p align=\"justify\">Blech- &amp; Holzbl\u00e4ser: Markus Kolb<\/p>\n<p align=\"justify\">M\u00f6glichkeiten zu Auftritten bieten sich den Jungmusikern beim Seniorennachmittag oder als &#8222;Einheizer&#8220; bei unseren Konzerten.<\/p>\n<p align=\"justify\">Nat\u00fcrlich d\u00fcrfen auch Freizeitaktivit\u00e4ten (z.B Zelten, Freizeitpark) nicht fehlen.<\/p>\n<p align=\"justify\">F\u00fcr Fragen zur Instrumentalausbildung beim Musikverein Breitenthal steht Ihnen unser Jugendvertreter gerne zur Verf\u00fcgung.<\/p>\n","protected":false},"excerpt":{"rendered":"<p>Besondere Beachtung bei unserer Jugendausbildung wird auf die Auswahl der Dozenten gelegt. Denn nicht nur das instrumentale K\u00f6nnen der jeweiligen Lehrer sondern auch das p\u00e4dagogische Feingef\u00fchl f\u00fcr den Umgang mit unseren Nachwuchsmusikern sind ein Kriterium bei der Auswahl und ein ganz wichtiger Leitspruch des Musikvereins. So bietet der Musikverein Breitenthal den Auszubildenden Unterricht bei Musikstudenten [&hellip;]<\/p>\n","protected":false},"author":2,"featured_media":0,"parent":8,"menu_order":20,"comment_status":"closed","ping_status":"closed","template":"","meta":{"footnotes":""},"class_list":["post-23","page","type-page","status-publish","hentry"],"_links":{"self":[{"href":"https:\/\/www.musikverein-breitenthal.de\/Wordpress\/wp-json\/wp\/v2\/pages\/23","targetHints":{"allow":["GET"]}}],"collection":[{"href":"https:\/\/www.musikverein-breitenthal.de\/Wordpress\/wp-json\/wp\/v2\/pages"}],"about":[{"href":"https:\/\/www.musikverein-breitenthal.de\/Wordpress\/wp-json\/wp\/v2\/types\/page"}],"author":[{"embeddable":true,"href":"https:\/\/www.musikverein-breitenthal.de\/Wordpress\/wp-json\/wp\/v2\/users\/2"}],"replies":[{"embeddable":true,"href":"https:\/\/www.musikverein-breitenthal.de\/Wordpress\/wp-json\/wp\/v2\/comments?post=23"}],"version-history":[{"count":5,"href":"https:\/\/www.musikverein-breitenthal.de\/Wordpress\/wp-json\/wp\/v2\/pages\/23\/revisions"}],"predecessor-version":[{"id":1922,"href":"https:\/\/www.musikverein-breitenthal.de\/Wordpress\/wp-json\/wp\/v2\/pages\/23\/revisions\/1922"}],"up":[{"embeddable":true,"href":"https:\/\/www.musikverein-breitenthal.de\/Wordpress\/wp-json\/wp\/v2\/pages\/8"}],"wp:attachment":[{"href":"https:\/\/www.musikverein-breitenthal.de\/Wordpress\/wp-json\/wp\/v2\/media?parent=23"}],"curies":[{"name":"wp","href":"https:\/\/api.w.org\/{rel}","templated":true}]}}