{"id":1051,"date":"2021-02-21T10:14:49","date_gmt":"2021-02-21T09:14:49","guid":{"rendered":"http:\/\/www.musikverein-breitenthal.de\/Wordpress\/?page_id=1051"},"modified":"2021-02-21T10:14:49","modified_gmt":"2021-02-21T09:14:49","slug":"sie-fuer-uns","status":"publish","type":"page","link":"https:\/\/www.musikverein-breitenthal.de\/Wordpress\/sie-fuer-uns\/","title":{"rendered":"Sie f\u00fcr uns"},"content":{"rendered":"\n<p>Sie wollen uns unterst\u00fczten? Sehr gerne &#8230;.<\/p>\n\n\n\n<p>Hier finden Sie verschiedene M\u00f6glichkeiten, wie Sie f\u00fcr uns aktiv werden k\u00f6nnen, sei es musikalisch oder finanzell.<\/p>\n","protected":false},"excerpt":{"rendered":"<p>Sie wollen uns unterst\u00fczten? Sehr gerne &#8230;. Hier finden Sie verschiedene M\u00f6glichkeiten, wie Sie f\u00fcr uns aktiv werden k\u00f6nnen, sei es musikalisch oder finanzell.<\/p>\n","protected":false},"author":1,"featured_media":0,"parent":0,"menu_order":0,"comment_status":"closed","ping_status":"closed","template":"","meta":{"footnotes":""},"class_list":["post-1051","page","type-page","status-publish","hentry"],"_links":{"self":[{"href":"https:\/\/www.musikverein-breitenthal.de\/Wordpress\/wp-json\/wp\/v2\/pages\/1051","targetHints":{"allow":["GET"]}}],"collection":[{"href":"https:\/\/www.musikverein-breitenthal.de\/Wordpress\/wp-json\/wp\/v2\/pages"}],"about":[{"href":"https:\/\/www.musikverein-breitenthal.de\/Wordpress\/wp-json\/wp\/v2\/types\/page"}],"author":[{"embeddable":true,"href":"https:\/\/www.musikverein-breitenthal.de\/Wordpress\/wp-json\/wp\/v2\/users\/1"}],"replies":[{"embeddable":true,"href":"https:\/\/www.musikverein-breitenthal.de\/Wordpress\/wp-json\/wp\/v2\/comments?post=1051"}],"version-history":[{"count":1,"href":"https:\/\/www.musikverein-breitenthal.de\/Wordpress\/wp-json\/wp\/v2\/pages\/1051\/revisions"}],"predecessor-version":[{"id":1052,"href":"https:\/\/www.musikverein-breitenthal.de\/Wordpress\/wp-json\/wp\/v2\/pages\/1051\/revisions\/1052"}],"wp:attachment":[{"href":"https:\/\/www.musikverein-breitenthal.de\/Wordpress\/wp-json\/wp\/v2\/media?parent=1051"}],"curies":[{"name":"wp","href":"https:\/\/api.w.org\/{rel}","templated":true}]}}